+ 51/(-34) is divided by d?
4
Suppose w + 30 = -5*h - 7, -4*w = h + 15. What is the remainder when 74 is divided by 3*((-700)/15)/h?
14
Let x = 184 + -90. Calculate the remainder when x is divided by 28.
10
Suppose -b = b - 10. Suppose 3*c - b*v + 10*v = 218, -5*v = -5*c + 390. What is the remainder when c is divided by 27?
22
Let p(q) = -q + 1. Let f be p(4). Let c(l) = 3*l**2 - 2*l + 3*l**2 + 4 - 3*l**2. What is the remainder when c(f) is divided by 19?
18
Suppose -16*n - 257 + 785 = 0. Calculate the remainder when 164 is divided by n.
32
Calculate the remainder when (-2 + 0)/2*(-24 + -331) is divided by 30.
25
Let l = -5 + 9. Let t = -246 + 258. Calculate the remainder when t is divided by l.
0
Let d = 1830 - 1825. Let i(s) = s**3 + 7*s**2 - s - 2. What is the remainder when d is divided by i(-7)?
0
What is the remainder when (-14 + 75)*(3 + 0) is divided by 64?
55
Let m = -2227 + 2483. Calculate the remainder when m is divided by 63.
4
Let v = -371 + 410. Calculate the remainder when v is divided by 12.
3
Let k(g) = -11*g + g + 7*g - 5*g + 49. Calculate the remainder when k(5) is divided by 6.
3
Let z = 69 + -62. Suppose -5*t + 5*l + z = l, -l = t - 5. Suppose 3*k = -5*h + 9 + 18, -25 = -4*k - 3*h. Calculate the remainder when k is divided by t.
1
Let a(y) = -7*y - 14. Let f be a(-4). Calculate the remainder when 13 is divided by (-4)/f - 290/(-35).
5
Suppose -4*w = -174 + 6. Suppose 4*t - w = t. Suppose -17*p - 191 = -854. What is the remainder when p is divided by t?
11
Suppose 8 = r - 5*k, 2*k + 6 = 4. Suppose 0*p + r*p = 15. Suppose 0 = 4*j - 5*v - 89, 4*j + v - 3*v = 74. Calculate the remainder when j is divided by p.
1
Let a = 24 + -34. Let u(p) = -3*p + 10. Calculate the remainder when u(a) is divided by ((-21)/4)/(2/(-8)).
19
Suppose -251 - 238 = -3*m. Calculate the remainder when m is divided by 84.
79
Suppose 0 = -y + 4*r + 56, 3*r - 82 - 41 = -3*y. Let f = y - 19. Calculate the remainder when 70 is divided by f.
20
Suppose -o + 28 = o. Suppose -2*i = 4*p + 111 + 139, 3*p + 170 = -5*i. Let k = -10 - p. Calculate the remainder when k is divided by o.
13
Let l = 46 + -27. Suppose 41*f - 1449 = 1369 - 563. Calculate the remainder when f is divided by l.
17
Suppose 0 = 2*k - 4*w - 16, 0*k + 2*w = 4*k - 14. Suppose -6 - 34 = -5*m. What is the remainder when m is divided by k?
0
Let w = -20 - -14. What is the remainder when 2/(-15) + -48*(-1725)/13500 is divided by 4/3 - 4/w?
0
Let b = 7528 - 7513. Suppose 0 = -0*z + 3*z - 3. What is the remainder when (z - -27) + (-3 - -4) is divided by b?
14
Suppose -4*b - 9*j + 21 = -12*j, 0 = -4*b + j + 23. Suppose 5*q - 2*x = 0, 2*q + 0*x + x - 9 = 0. Let t = q + 9. What is the remainder when t is divided by b?
5
Let d(r) be the first derivative of 7*r**2/2 - 13*r - 6. Calculate the remainder when d(9) is divided by 17.
16
Let i(h) = 4*h**2 - 10*h + 12. Let g be i(6). Let o = 162 - g. What is the remainder when o is divided by 0 - -23 - 0/1?
20
Let i be 1/((-6)/141) - (-5)/10. Let d = 22 - i. Calculate the remainder when d is divided by 16.
13
Suppose -2*f = -5*i + 39, -4*f = -i - 3*i + 36. Let b(u) = -u**2 - 6*u + 4. Let a be (6/(-5))/((-1)/(-5)). What is the remainder when i is divided by b(a)?
3
Suppose 4*n = -60 + 4. Let w = n + 19. Suppose -w*f = 4 - 14. Calculate the remainder when 3 is divided by f.
1
Let t = -15 - -20. Suppose t*x = n - 2, 3*x = n + 2*x - 14. What is the remainder when 65 is divided by n?
14
Calculate the remainder when ((85/30)/(-17))/(5/(-3210)) is divided by 24.
11
Let x(u) = 7*u + 11. Let v = -21 + 24. What is the remainder when x(v) is divided by 0/1 - (-8 - 1)?
5
Let y be 25 - 0 - (-4)/((-8)/(-6)). Calculate the remainder when y/42 - (-43)/3 is divided by 9.
6
Let n(a) = a**3 + 6*a**2 - 5*a - 19. What is the remainder when 185 is divided by n(-6)?
9
Suppose 0 = -5*w - 2*y + 482, -5*w + 10*w = -4*y + 474. Calculate the remainder when w is divided by 9.
8
Suppose 0 = -4*w + 442 + 926. What is the remainder when w is divided by 23?
20
Suppose 0*g - 8 = -g. Let p = 17 - 17. Suppose 3*w - 15 = -p*w. What is the remainder when g is divided by w?
3
Let c be -4 + 7 + -4 + 11. Calculate the remainder when ((-56)/c)/((-32)/400) is divided by 25 + (0 - 1)*1.
22
Let f = 11 - -222. What is the remainder when f is divided by 78?
77
Let h(c) = c**3 - 9*c**2 - 14*c + 14. Let i be h(10). Let m = i + 60. What is the remainder when m is divided by 9?
7
Suppose 5 + 13 = 2*r. Let x = -165 + 240. Suppose b + 14*b - x = 0. What is the remainder when r is divided by b?
4
Let w = 34 + -32. Suppose -5*p + 176 = w*q, -4*p = -p - 6. Calculate the remainder when q is divided by 17.
15
Let t = -251 - -291. Calculate the remainder when t is divided by 14.
12
Let u(x) = 7*x**3 - 4*x**2 + 7*x. What is the remainder when u(3) is divided by 30?
24
Let q(g) = 4*g - 7. Let a be q(4). Suppose 20*i - 110 = a*i. Suppose 7 + 23 = 5*p. What is the remainder when i is divided by p?
4
Let p be (27/(-2))/(9/(-24)). Suppose p = 2*x - x. Calculate the remainder when 106 is divided by x.
34
Let o be -3*6*2/4. Let k be ((-24)/o - 3)*-6. Suppose -5*l + 33 = -k*l. What is the remainder when 20 is divided by l?
9
Suppose -q = -2*q + 11. What is the remainder when 27 is divided by q?
5
Suppose -3*i = -i - 18. Suppose -2*x + 0 = -4. Suppose -4*y + x*c + 118 = -12, -87 = -3*y + 5*c. What is the remainder when y is divided by i?
7
Let c be -99 + (-3 + 0 - 0). Let t(m) = 3*m**2 - m - 1. Calculate the remainder when 6/27 - c/27 is divided by t(-1).
1
Suppose -4*a - 62 = 3*g + 34, -2*a = -g + 38. Let r = -25 - a. Let m(q) = -2*q**3 - 6*q**2 + q + 5. Calculate the remainder when m(r) is divided by 7.
5
Let u(t) = 41*t - 5. Let y(w) = -20*w + 3. Let f(z) = 3*u(z) + 7*y(z). What is the remainder when f(-4) is divided by ((-19)/3)/(3/(-9))?
17
Let o = -37 + 53. Let q(b) = -b + 18. Let m be q(o). Suppose 58 = 4*k - m*n + n, -5*n + 40 = 2*k. Calculate the remainder when 72 is divided by k.
12
Let w be ((-16)/10)/((-28)/70). Calculate the remainder when 10/w - 165/(-10) is divided by 11.
8
Suppose -4*j = -2*f, -j + 0 = -3*f + 5. Suppose 2*u + 3 = -m, -u + 3 + 0 = f*m. Suppose -m*q = -6 - 15. What is the remainder when 27 is divided by q?
6
Suppose -2*i + 102 = -0*i - 2*z, 0 = -2*i - z + 87. Calculate the remainder when i is divided by 28.
18
Let m = 32 + -14. Suppose -2*z + 11 = -c, -2*z = -0*z + 5*c + 7. Let b = z - -67. What is the remainder when b is divided by m?
17
Let v(j) = 17*j**2 + 6*j - 2. Calculate the remainder when v(2) is divided by 7.
1
Let a be 0*(3/(-2) + 2). Suppose a*x = 4*x - 64. What is the remainder when (-6)/((-24)/250) - (-2)/(-4) is divided by x?
14
Suppose 7*v + 44 = 548. What is the remainder when v is divided by 11?
6
Let i = -940 - -950. What is the remainder when 49 is divided by i?
9
What is the remainder when -1 + 75 - (-7)/(-7) is divided by 25?
23
Let m = 484 + -17. Calculate the remainder when m is divided by 78.
77
Suppose -4*g - 26 = -2*s - 6*g, -2*g - 64 = -3*s. Calculate the remainder when (122/5)/(18/45) is divided by s.
7
What is the remainder when -3 - (-46 - (-3 - 0)) is divided by 21?
19
Suppose -2*i = 4*h - 52, 2*i = h - 23 + 65. Calculate the remainder when (-6)/21 + 900/14 is divided by i.
20
Let i = -1350 + 1543. Calculate the remainder when 402 is divided by i.
16
Let a = 35 - -15. Suppose 2*g - 29 = 2*m + 15, m - 4 = 0. What is the remainder when a is divided by g?
24
Let v(f) = -f**3 - f**2 - 2*f + 74. Let p = -29 - -44. Calculate the remainder when v(0) is divided by p.
14
Let c(s) be the third derivative of -s**4/12 + 23*s**3/6 - 15*s**2. What is the remainder when 87 is divided by c(4)?
12
Suppose 6 = -5*z + 26. Suppose -z*n + 2*n + 18 = 0. Let r(a) = -8*a - 5. What is the remainder when r(-5) is divided by n?
8
Let w(z) = -2*z**3 - 8*z**2 + 3*z. Suppose 2*p = -2*u - p + 77, -3*p - 181 = -4*u. What is the remainder when w(-6) is divided by u?
40
Suppose -30 = -5*y - y. Suppose -241 + 201 = -y*t. Calculate the remainder when 14 is divided by t.
6
Let t = 304 + -263. Calculate the remainder when 110 is divided by t.
28
Suppose 2*x - 8 = 3*o - o, 44 = 5*x + o. Let d(b) = b**3 + 16*b**2 + 14*b - 3. Let p be d(-15). Let r = 41 - p. Calculate the remainder when r is divided by x.